{"id":5215,"date":"2026-01-08T15:05:37","date_gmt":"2026-01-08T14:05:37","guid":{"rendered":"https:\/\/kreuzkirche-addis.de\/home\/?post_type=tribe_events&#038;p=5215"},"modified":"2026-01-08T15:05:37","modified_gmt":"2026-01-08T14:05:37","slug":"gottesdienst-am-11-01-2026-um-11-uhr-mit-rev-dr-torbjoern-toll-mit-anschl-kirchcafe","status":"publish","type":"tribe_events","link":"https:\/\/kreuzkirche-addis.de\/home\/event\/gottesdienst-am-11-01-2026-um-11-uhr-mit-rev-dr-torbjoern-toll-mit-anschl-kirchcafe\/","title":{"rendered":"Gottesdienst am 11.01.2026 um 11 Uhr &#8211; mit Rev Dr Torbj\u00f6rn Toll, mit anschl. Kirchcaf\u00e9"},"content":{"rendered":"<p>Rev Dr Torbj\u00f6rn Toll serves the Swedish Church in Ethiopia and is a regular Part-Time Lecturer at the Ethiopian Graduate School of Theology in Addis Ababa. During the last years, he occasionally replaces the Pastors of the German Ev. Speaking Church while they are on vacation or absent for other reasons. We thank him for this service!<\/p>\n","protected":false},"excerpt":{"rendered":"<p>Rev Dr Torbj\u00f6rn Toll serves the Swedish Church in Ethiopia and is a regular Part-Time Lecturer at the Ethiopian Graduate School of Theology in Addis Ababa. During the last years, [&hellip;]<\/p>\n","protected":false},"author":2,"featured_media":0,"template":"","meta":{"_tribe_events_status":"","_tribe_events_status_reason":"","footnotes":""},"tags":[],"tribe_events_cat":[],"class_list":["post-5215","tribe_events","type-tribe_events","status-publish","hentry","entry"],"_links":{"self":[{"href":"https:\/\/kreuzkirche-addis.de\/home\/wp-json\/wp\/v2\/tribe_events\/5215","targetHints":{"allow":["GET"]}}],"collection":[{"href":"https:\/\/kreuzkirche-addis.de\/home\/wp-json\/wp\/v2\/tribe_events"}],"about":[{"href":"https:\/\/kreuzkirche-addis.de\/home\/wp-json\/wp\/v2\/types\/tribe_events"}],"author":[{"embeddable":true,"href":"https:\/\/kreuzkirche-addis.de\/home\/wp-json\/wp\/v2\/users\/2"}],"version-history":[{"count":1,"href":"https:\/\/kreuzkirche-addis.de\/home\/wp-json\/wp\/v2\/tribe_events\/5215\/revisions"}],"predecessor-version":[{"id":5216,"href":"https:\/\/kreuzkirche-addis.de\/home\/wp-json\/wp\/v2\/tribe_events\/5215\/revisions\/5216"}],"wp:attachment":[{"href":"https:\/\/kreuzkirche-addis.de\/home\/wp-json\/wp\/v2\/media?parent=5215"}],"wp:term":[{"taxonomy":"post_tag","embeddable":true,"href":"https:\/\/kreuzkirche-addis.de\/home\/wp-json\/wp\/v2\/tags?post=5215"},{"taxonomy":"tribe_events_cat","embeddable":true,"href":"https:\/\/kreuzkirche-addis.de\/home\/wp-json\/wp\/v2\/tribe_events_cat?post=5215"}],"curies":[{"name":"wp","href":"https:\/\/api.w.org\/{rel}","templated":true}]}}

Gottesdienst am 11.01.2026 um 11 Uhr &#8211; mit Rev Dr Torbjörn Toll, mit anschl. Kirchcafé

<p>Rev Dr Torbjörn Toll serves the Swedish Church in Ethiopia and is a regular Part-Time Lecturer at the Ethiopian Graduate School of Theology in Addis Ababa. During the last years, he occasionally replaces the Pastors of the German Ev. Speaking Church while they are on vacation or absent for other reasons. We thank him for this service!</p>

<p>Rev Dr Torbjörn Toll serves the Swedish Church in Ethiopia and is a regular Part-Time Lecturer at the Ethiopian Graduate School of Theology in Addis Ababa. During the last years, [&hellip;]</p>
