{"id":5217,"date":"2026-01-08T15:10:32","date_gmt":"2026-01-08T14:10:32","guid":{"rendered":"https:\/\/kreuzkirche-addis.de\/home\/?post_type=tribe_events&#038;p=5217"},"modified":"2026-01-08T15:10:32","modified_gmt":"2026-01-08T14:10:32","slug":"gottesdienst-am-18-01-2026-um-11-uhr-ein-tag-vor-dem-timqaet-fest-verteilen-wir-wasser-an-die-prozessionsteilnehmer","status":"publish","type":"tribe_events","link":"https:\/\/kreuzkirche-addis.de\/home\/event\/gottesdienst-am-18-01-2026-um-11-uhr-ein-tag-vor-dem-timqaet-fest-verteilen-wir-wasser-an-die-prozessionsteilnehmer\/","title":{"rendered":"Gottesdienst am 18.01.2026 um 11 Uhr &#8211; ein Tag vor dem Timq\u00e4t-Fest verteilen wir Wasser an die Prozessionsteilnehmer"},"content":{"rendered":"<p>Wie in jedem Jahr, verteilen wir auch am 18.01. nach dem Gottesdienst Wasser an die Prozessionsteilnehmer des \u00e4th. Timq\u00e4t-Festes zum Ged\u00e4chtnis an die Taufe Jesu Christi. Das Timq\u00e4tfest findet auf dem Jan Meda Feld direkt neben unserem Grundst\u00fcck statt. Am Vortag werden die Tabots (Repliken der Bundeslade) aus verschiedenen Orten in Addis Abeba zum Jan Meda Feld gebracht, wo sie \u00fcbernachten &#8211; am Montag dann wird der Hauptfeiertag gefeiert. Viele Zehntausend Menschen kommen dann auf das Feld. Wir freuen uns, den Teilnehmern frisches Wasser anbieten zu k\u00f6nnen, was sie gerne annehmen, gerade wenn es hei\u00df und sehr sonnig ist.<\/p>\n","protected":false},"excerpt":{"rendered":"<p>Wie in jedem Jahr, verteilen wir auch am 18.01. nach dem Gottesdienst Wasser an die Prozessionsteilnehmer des \u00e4th. Timq\u00e4t-Festes zum Ged\u00e4chtnis an die Taufe Jesu Christi. Das Timq\u00e4tfest findet auf [&hellip;]<\/p>\n","protected":false},"author":2,"featured_media":0,"template":"","meta":{"_tribe_events_status":"","_tribe_events_status_reason":"","footnotes":""},"tags":[],"tribe_events_cat":[],"class_list":["post-5217","tribe_events","type-tribe_events","status-publish","hentry","entry"],"_links":{"self":[{"href":"https:\/\/kreuzkirche-addis.de\/home\/wp-json\/wp\/v2\/tribe_events\/5217","targetHints":{"allow":["GET"]}}],"collection":[{"href":"https:\/\/kreuzkirche-addis.de\/home\/wp-json\/wp\/v2\/tribe_events"}],"about":[{"href":"https:\/\/kreuzkirche-addis.de\/home\/wp-json\/wp\/v2\/types\/tribe_events"}],"author":[{"embeddable":true,"href":"https:\/\/kreuzkirche-addis.de\/home\/wp-json\/wp\/v2\/users\/2"}],"version-history":[{"count":1,"href":"https:\/\/kreuzkirche-addis.de\/home\/wp-json\/wp\/v2\/tribe_events\/5217\/revisions"}],"predecessor-version":[{"id":5218,"href":"https:\/\/kreuzkirche-addis.de\/home\/wp-json\/wp\/v2\/tribe_events\/5217\/revisions\/5218"}],"wp:attachment":[{"href":"https:\/\/kreuzkirche-addis.de\/home\/wp-json\/wp\/v2\/media?parent=5217"}],"wp:term":[{"taxonomy":"post_tag","embeddable":true,"href":"https:\/\/kreuzkirche-addis.de\/home\/wp-json\/wp\/v2\/tags?post=5217"},{"taxonomy":"tribe_events_cat","embeddable":true,"href":"https:\/\/kreuzkirche-addis.de\/home\/wp-json\/wp\/v2\/tribe_events_cat?post=5217"}],"curies":[{"name":"wp","href":"https:\/\/api.w.org\/{rel}","templated":true}]}}

Gottesdienst am 18.01.2026 um 11 Uhr &#8211; ein Tag vor dem Timqät-Fest verteilen wir Wasser an die Prozessionsteilnehmer

<p>Wie in jedem Jahr, verteilen wir auch am 18.01. nach dem Gottesdienst Wasser an die Prozessionsteilnehmer des äth. Timqät-Festes zum Gedächtnis an die Taufe Jesu Christi. Das Timqätfest findet auf dem Jan Meda Feld direkt neben unserem Grundstück statt. Am Vortag werden die Tabots (Repliken der Bundeslade) aus verschiedenen Orten in Addis Abeba zum Jan Meda Feld gebracht, wo sie übernachten &#8211; am Montag dann wird der Hauptfeiertag gefeiert. Viele Zehntausend Menschen kommen dann auf das Feld. Wir freuen uns, den Teilnehmern frisches Wasser anbieten zu können, was sie gerne annehmen, gerade wenn es heiß und sehr sonnig ist.</p>

<p>Wie in jedem Jahr, verteilen wir auch am 18.01. nach dem Gottesdienst Wasser an die Prozessionsteilnehmer des äth. Timqät-Festes zum Gedächtnis an die Taufe Jesu Christi. Das Timqätfest findet auf [&hellip;]</p>
