{"id":5220,"date":"2026-01-08T15:24:44","date_gmt":"2026-01-08T14:24:44","guid":{"rendered":"https:\/\/kreuzkirche-addis.de\/home\/?post_type=tribe_events&#038;p=5220"},"modified":"2026-01-08T15:27:47","modified_gmt":"2026-01-08T14:27:47","slug":"taize-andacht-am-15-01-26-um-19-uhr","status":"publish","type":"tribe_events","link":"https:\/\/kreuzkirche-addis.de\/home\/event\/taize-andacht-am-15-01-26-um-19-uhr\/","title":{"rendered":"Taiz\u00e9 Andacht am 15.01.26 um 19 Uhr &#8211; mit anschlie\u00dfender Begegnung mit Snacks und Getr\u00e4nken"},"content":{"rendered":"<p>Eintauchen in ein Meer aus Kerzen&#8230;<\/p>\n<p>Zeit f\u00fcr Stille &#8211; Gebet &#8211; einfache, meditative Lieder&#8230;<\/p>\n<p>Zusammenkommen<\/p>\n<p>&nbsp;<\/p>\n<p><img fetchpriority=\"high\" decoding=\"async\" class=\"alignnone size-large wp-image-5221\" src=\"https:\/\/kreuzkirche-addis.de\/wp-content\/uploads\/2026\/01\/2026_01_15_Taize-Kreuzkirche-7pm-724x1024.jpg\" alt=\"\" width=\"724\" height=\"1024\" srcset=\"https:\/\/kreuzkirche-addis.de\/wp-content\/uploads\/2026\/01\/2026_01_15_Taize-Kreuzkirche-7pm-724x1024.jpg 724w, https:\/\/kreuzkirche-addis.de\/wp-content\/uploads\/2026\/01\/2026_01_15_Taize-Kreuzkirche-7pm-212x300.jpg 212w, https:\/\/kreuzkirche-addis.de\/wp-content\/uploads\/2026\/01\/2026_01_15_Taize-Kreuzkirche-7pm-768x1086.jpg 768w, https:\/\/kreuzkirche-addis.de\/wp-content\/uploads\/2026\/01\/2026_01_15_Taize-Kreuzkirche-7pm-1086x1536.jpg 1086w, https:\/\/kreuzkirche-addis.de\/wp-content\/uploads\/2026\/01\/2026_01_15_Taize-Kreuzkirche-7pm-1448x2048.jpg 1448w, https:\/\/kreuzkirche-addis.de\/wp-content\/uploads\/2026\/01\/2026_01_15_Taize-Kreuzkirche-7pm-scaled.jpg 1810w\" sizes=\"(max-width: 724px) 100vw, 724px\" \/><\/p>\n","protected":false},"excerpt":{"rendered":"<p>Eintauchen in ein Meer aus Kerzen&#8230; Zeit f\u00fcr Stille &#8211; Gebet &#8211; einfache, meditative Lieder&#8230; Zusammenkommen &nbsp;<\/p>\n","protected":false},"author":2,"featured_media":4123,"template":"","meta":{"_tribe_events_status":"","_tribe_events_status_reason":"","footnotes":""},"tags":[],"tribe_events_cat":[],"class_list":["post-5220","tribe_events","type-tribe_events","status-publish","has-post-thumbnail","hentry","entry","has-media"],"_links":{"self":[{"href":"https:\/\/kreuzkirche-addis.de\/home\/wp-json\/wp\/v2\/tribe_events\/5220","targetHints":{"allow":["GET"]}}],"collection":[{"href":"https:\/\/kreuzkirche-addis.de\/home\/wp-json\/wp\/v2\/tribe_events"}],"about":[{"href":"https:\/\/kreuzkirche-addis.de\/home\/wp-json\/wp\/v2\/types\/tribe_events"}],"author":[{"embeddable":true,"href":"https:\/\/kreuzkirche-addis.de\/home\/wp-json\/wp\/v2\/users\/2"}],"version-history":[{"count":3,"href":"https:\/\/kreuzkirche-addis.de\/home\/wp-json\/wp\/v2\/tribe_events\/5220\/revisions"}],"predecessor-version":[{"id":5223,"href":"https:\/\/kreuzkirche-addis.de\/home\/wp-json\/wp\/v2\/tribe_events\/5220\/revisions\/5223"}],"wp:featuredmedia":[{"embeddable":true,"href":"https:\/\/kreuzkirche-addis.de\/home\/wp-json\/wp\/v2\/media\/4123"}],"wp:attachment":[{"href":"https:\/\/kreuzkirche-addis.de\/home\/wp-json\/wp\/v2\/media?parent=5220"}],"wp:term":[{"taxonomy":"post_tag","embeddable":true,"href":"https:\/\/kreuzkirche-addis.de\/home\/wp-json\/wp\/v2\/tags?post=5220"},{"taxonomy":"tribe_events_cat","embeddable":true,"href":"https:\/\/kreuzkirche-addis.de\/home\/wp-json\/wp\/v2\/tribe_events_cat?post=5220"}],"curies":[{"name":"wp","href":"https:\/\/api.w.org\/{rel}","templated":true}]}}

Taizé Andacht am 15.01.26 um 19 Uhr &#8211; mit anschließender Begegnung mit Snacks und Getränken

<p>Eintauchen in ein Meer aus Kerzen&#8230;</p>
<p>Zeit für Stille &#8211; Gebet &#8211; einfache, meditative Lieder&#8230;</p>
<p>Zusammenkommen</p>
<p>&nbsp;</p>
<p><img fetchpriority="high" decoding="async" class="alignnone size-large wp-image-5221" src="https://kreuzkirche-addis.de/wp-content/uploads/2026/01/2026_01_15_Taize-Kreuzkirche-7pm-724x1024.jpg" alt="" width="724" height="1024" srcset="https://kreuzkirche-addis.de/wp-content/uploads/2026/01/2026_01_15_Taize-Kreuzkirche-7pm-724x1024.jpg 724w, https://kreuzkirche-addis.de/wp-content/uploads/2026/01/2026_01_15_Taize-Kreuzkirche-7pm-212x300.jpg 212w, https://kreuzkirche-addis.de/wp-content/uploads/2026/01/2026_01_15_Taize-Kreuzkirche-7pm-768x1086.jpg 768w, https://kreuzkirche-addis.de/wp-content/uploads/2026/01/2026_01_15_Taize-Kreuzkirche-7pm-1086x1536.jpg 1086w, https://kreuzkirche-addis.de/wp-content/uploads/2026/01/2026_01_15_Taize-Kreuzkirche-7pm-1448x2048.jpg 1448w, https://kreuzkirche-addis.de/wp-content/uploads/2026/01/2026_01_15_Taize-Kreuzkirche-7pm-scaled.jpg 1810w" sizes="(max-width: 724px) 100vw, 724px" /></p>

<p>Eintauchen in ein Meer aus Kerzen&#8230; Zeit für Stille &#8211; Gebet &#8211; einfache, meditative Lieder&#8230; Zusammenkommen &nbsp;</p>
